e 2/((3/6)/1). Determine n(b).
-10
Let m(a) = -2*a**2 + 10*a - 2. Let h(b) = -4*b**2 + 19*b - 5. Let x(v) = -3*h(v) + 5*m(v). Determine x(4).
9
Let s(g) = 5*g + 0 + 0*g + 2 + g**2. What is s(-4)?
-2
Suppose 9 = 3*o + 2*s, -4*s + 15 = o + 2*o. Let a(d) = d**2 - d. Calculate a(o).
0
Let x(d) = d - 5. Let r(a) = -a**3 - a + 4. Let v(t) = 5*r(t) + 4*x(t). What is v(-1)?
6
Let v(a) = a**2 - 5*a - 5. Let j be v(7). Let k(n) = -6*n**2 + 3*n**3 - 2*n**3 - j*n + 10 - 1. Give k(7).
-5
Let p(v) = -v + 7. Let y be p(7). Let a(w) = -w**3 - 3*w**2 + 2*w + 3. Let u(h) = -h**3 - 4*h**2 + 3*h + 4. Let c(k) = -3*a(k) + 2*u(k). Give c(y).
-1
Let s(g) = -g**2 - 15*g + 2. Let w(l) = -l**2 - 14*l + 1. Let m(r) = 6*s(r) - 7*w(r). Give m(-6).
-7
Let i(x) = -4*x + 6. Let q = -129 - -135. Give i(q).
-18
Suppose s = 5*s - 8. Suppose s*a - 6 = 2*c, 4*a + 5*c = 3*a + 3. Let q(r) = r**3 - a*r + 0*r**3 + r**2 - 1 + 0*r. Give q(-2).
1
Let i(d) = 2*d - 3. Let a be (-3)/(((-27)/(-6))/3). Let f = 11 + -10. Let r = f - a. What is i(r)?
3
Let q(n) = n**3 + 5*n**2 - 3. Suppose 4*c - 4*i + 3 = -1, c + i = -9. Calculate q(c).
-3
Let g = -8 - -14. Suppose 5*p + 6 = -3*y, 5*y + 4*p - g*p = 21. Let s(c) be the third derivative of c**6/120 - c**5/30 - c**4/6 - c**3/6 - c**2. Calculate s(y).
-4
Let a(l) = -2*l - 1. Suppose -3 = c + k, 0 = 5*c - 2*k + 5 + 17. What is a(c)?
7
Suppose d = 5*d - 4*a - 8, -2*d - 2 = -4*a. Let j(r) = r - 4. Let h be j(d). Let o(s) = -5*s - 4 + s**2 - h + 2. Calculate o(4).
-7
Let r(c) = -7*c**2 + 2*c**2 - c**3 - 1 - 3*c - 2 + 7. What is r(-3)?
-5
Let d(l) = 7*l. Let a be d(-1). Let c(u) = u**2 + 6*u - 5. Let o be c(a). Let r(v) = -3 - o + v**2 + 3. What is r(0)?
-2
Suppose 4*j = -y + 4, 0*y - 2*j = -4*y + 16. Suppose 0 = 4*h + y*k - 4, 0 = k + 2. Let l(w) = -2*w - 4*w - 3*w + h*w - w**2 + 6. Calculate l(-5).
11
Let t(v) = v**3 - v**2 - 2*v - 1. Let r = 0 - -3. Suppose -l = -r*l + 48. Suppose 4*z - l = 3*z + 5*f, 8 = -3*z - f. Calculate t(z).
-1
Let o(w) = -8 - 2*w**2 - 4*w**2 + 4*w**3 - 3*w**3 + 5*w**2. Let i = 4 + -4. Give o(i).
-8
Let g be ((-143)/(-26))/(3/6). Let s(v) = v - 10. Calculate s(g).
1
Let b be ((3 + -4)*-5)/1. Let x(l) = 0*l**2 - 4 - l**2 + 0 + 8*l. Determine x(b).
11
Let n(i) = i**3 - 6*i**2 + 5*i - 6. Suppose 3*x = 5 - 14. Let c be ((-6)/4)/(x/10). Give n(c).
-6
Let n(m) be the second derivative of m**3/3 + 13*m**2/2 - m + 8. Determine n(-9).
-5
Let s be (-2)/(((-24)/(-9))/4). Let l = 6 + s. Let t(x) = 4 + 5 - l - x. Determine t(0).
6
Let w(y) = -y**2 + 3*y - 1. Let j be w(1). Let q(s) = s**2 - 2*s**2 - 7*s - j + s + 4. Calculate q(-5).
8
Let r(f) = 7*f**3 - 4*f**3 - 3 + 5*f**2 - 4*f**3 + 5*f. Give r(6).
-9
Let c(w) = -w**2. Let s(n) = -n**2 - 6*n - 1. Let m(d) = -2*c(d) + s(d). Let x(q) = -5*q**2 + 24*q + 3. Let r(a) = -9*m(a) - 2*x(a). Calculate r(-2).
-5
Let z(t) be the second derivative of t**4/12 + 2*t**3/3 - 2*t**2 + 27*t. What is z(-4)?
-4
Let s(k) = k**3 - 6*k**2 + 7*k - 1. Let v be 1/((4/(-10))/(-2)). Calculate s(v).
9
Suppose -2*i + k = -k + 4, -8 = 4*i - 3*k. Let j(g) = g**2 + 1. Let n be j(i). Suppose 0*s - n = 5*s. Let p(x) = -8*x**3 + x. What is p(s)?
7
Let f(c) = -11*c**2 + c - 5. Let v(j) = 5*j**2 - j + 2. Let d(o) = -4*f(o) - 9*v(o). Calculate d(4).
6
Let b(u) = 2*u**2 - 3*u**2 - 3 + 0*u**2 + 4 - u. Let j be b(0). Let s(d) = 3 + 2 - j - 2*d - 5. Give s(2).
-5
Let l(j) be the first derivative of j**4/12 - j**3/6 + j**2/2 + 1. Let p(b) be the second derivative of l(b). Determine p(5).
9
Let o(v) be the third derivative of -v**6/120 - v**3/3 - 14*v**2. Calculate o(-2).
6
Let w be 18/(-4) + 2/(-4). Let y(x) = 5*x + 9. Let a(s) = 2*s + 3. Let r(g) = 7*a(g) - 3*y(g). Give r(w).
-1
Let w(i) = 3*i + 1. Let u = 12 - -13. Let o = 24 - u. What is w(o)?
-2
Let a(y) be the first derivative of -y**4/4 - 4*y**3/3 + y**2 + 5*y + 6. What is a(-4)?
-3
Let h(t) = -5*t + 0*t**2 - 2*t**2 + t**2. Determine h(-3).
6
Let a(j) = -j**3 - 9*j**2 - 8*j - 1. Let w be a(-8). Let f(r) = -r + 1. Calculate f(w).
2
Let w(f) = -3 + f - 4 + 1. Let d be w(6). Suppose -3*x + 4*i = 1, -4*x + i = -d*i - 3. Let m(z) = 4*z**3 - 2*z**2 + 1. Determine m(x).
3
Let v(n) = 2*n + 3 + n - 3*n - 2*n. Determine v(3).
-3
Let r(h) = -h**3 - 3*h**2 - 3*h - 2. Suppose 4*s - 12 = -5*t, -4*s - 1 = -4*t + 23. Calculate r(s).
0
Suppose -5*b + 4*b = -4. Let u(o) be the second derivative of -1/2*o**2 + 0 - 5/6*o**3 + 1/12*o**b + 3*o. Determine u(4).
-5
Let o(b) = 8*b + 7 - 2 - b - 8*b. What is o(7)?
-2
Let t(r) = -r**3 + 13*r**2 + 15*r - 14. Let h be t(14). Let j(v) = v**2 + v - 11. Determine j(h).
-11
Let y be 3/2*(3 - 1). Let s(u) = u + y*u - u + 2. Suppose -4*c - 10 = b - 7*c, -c + 14 = 5*b. Give s(b).
8
Let b be 2/3 - 66/18. Let l(q) = q**3 + q**2 - 3*q + 4. What is l(b)?
-5
Let n(w) = w. Let h(t) = 10*t**2 + t + 1. Let c be h(-1). Let f = c - 15. Give n(f).
-5
Let w(b) = -b. Let d(n) = -n**3 + 6*n**2 - 7*n + 7. Let r be d(5). Let g be (-1 + -1)/(r - -5). What is w(g)?
1
Let m(z) = z**3 + 7*z**2 + 5*z - 1. Let u(i) = -i**2 - 6. Let p be u(0). Let b be m(p). Let g(c) = -4 + c**3 - 5*c**2 + c + b*c - c. Determine g(4).
0
Let f(m) = 3*m**3 - 3*m**2 + 4*m + 1. Let g(t) = -t**2 + t. Let z(l) = f(l) + 3*g(l). Let j(d) = d**3. Let v(c) = 2*j(c) - z(c). Give v(5).
-11
Let o(k) = -k + 1. Let w(d) = d**3 - 5*d**2 - 11*d + 12. Let r(j) = -3*o(j) + w(j). Calculate r(6).
-3
Let n(m) = 5*m + 36. Let y(u) be the second derivative of u**3/6 + 7*u**2/2 + 3*u. Let p(z) = -2*n(z) + 11*y(z). Determine p(0).
5
Let y = -26 - -47. Let a(q) = -q - y*q**2 - q**3 - 1 + 0*q + 19*q**2. Determine a(-2).
1
Suppose -7 = 2*b + 4*t - 1, -5*b = -3*t - 37. Suppose -i + 6*i = 0, -2*u - 4*i - 8 = 0. Let g = b + u. Let o(d) = 6*d**2 - 1. What is o(g)?
5
Suppose -7*n - n = 32. Let t(c) = c**2 + 4*c + 3. Give t(n).
3
Let v = -36 + 38. Let g(w) be the first derivative of 1/4*w**4 + 4*w - 2 - 4/3*w**3 - 4*w**v. Calculate g(5).
-11
Let d(w) = -4*w + 38. Let q be d(8). Let r(y) = -y**3 + 5*y**2 + 8*y + 1. Give r(q).
13
Let j(i) = 293*i**3 - 5 + i**2 + 17 - 294*i**3. Calculate j(0).
12
Let d(f) = f**2 + 4*f - 9. Let p be d(-5). Let g(k) = k**2 + 5*k. What is g(p)?
-4
Let l(z) = -15*z**3 + 19*z**2 + 8*z - 21. Let b(a) = 7*a**3 - 9*a**2 - 4*a + 10. Let x(s) = -13*b(s) - 6*l(s). Give x(4).
-4
Let q(j) = 5*j**2 + 1. Let f be (-4)/(-10) - (-13)/5. Suppose f = -4*b + b. What is q(b)?
6
Let n(s) = -s**2 + 4*s - 4. Let t be -1 + 4 - (-2 - 12). Suppose 4*m + 1 - t = 0. Give n(m).
-4
Let o(h) be the first derivative of 2*h - 2/3*h**3 + 1/4*h**4 - 2*h**2 + 4. Let a be o(3). Let b(y) = -y**3 + 2*y**2 + 2*y + 1. What is b(a)?
2
Let x(o) be the first derivative of -1 - 1/2*o**2 - 8*o. Determine x(-6).
-2
Let t = 12 + -18. Let v(x) = -x**3 - 5*x**2 + 6*x + 2. Determine v(t).
2
Let u(m) = m**2 - 4*m. Suppose -5*p - 5 = -30. Give u(p).
5
Let v(k) = -3*k - 5. Let a(l) = l**2. Let n be a(-1). Let i be -6 - 1*(n - 3). Determine v(i).
7
Let k(b) = b + 9. Suppose -4*g + 4*o = 0, 6*o + 15 = o. Let c be (-1)/2 + (-3)/2. Let z(l) = -2*l - 9. Let p(r) = c*z(r) + g*k(r). Give p(5).
-4
Let j(q) be the third derivative of q**4/24 - 4*q**2. What is j(8)?
8
Let b(c) = c + 1. Let f(y) = y**2 - 13*y + 13. Let g be f(9). Let k = -10 - g. Let o = k + -18. What is b(o)?
-4
Let d = -4 + 1. Let q be 4 + (0/1)/d. Let l(p) = 0*p + 2*p**2 - 6 - p**2 - q*p. Give l(5).
-1
Let g be 1/5 - 8/(-10). Suppose 3*a = 15, -19 = -2*q + 5*q - 5*a. Let p = g - q. Let b(x) = 5*x**3 + x**2 + 2*x + 1. What is b(p)?
-5
Let u(f) = 2*f - 2. Let c(t) = -t**2 - 9*t - 2. Suppose -22 = 4*s + 14. Let i be c(s). Calculate u(i).
-6
Let w be -2 + 4/(4/3). Let r = w - -4. Let q(g) = -5*g**3 + 3*g + 4*g**2 + 4*g**3 + 3 + 4. Give q(r).
-3
Let x(w) = w**2 + 2*w. Let g(s) = -27*s**2 - 3*s - 1. Let h(q) = -g(q) - 2*x(q). What is h(1)?
25
Suppose -4*x = -12*x + 72. Let y(k) = k**3 - 9*k**2 - k + 7. Determine y(x).
-2
Let u(y) = -y - 5. Let n be u(-7). Let k(o) = -2 + o + 7 - 1 - n*o. What is k(3)?
1
Let g(x) = x**2 - 8*x + 7. Let w be 3/5 + (-88)/(-20). Calculate g(w).
-8
Let y = -1 + 1. Let q(l) = l - 5. What is q(y)?
-5
Let y(h) = h**3 - 6*h**2 - 2*h + 3. Let b = -15 + 19. Suppose -3*v = -u - 22, b*v - 10 = 5*v + 4*u. Determine y(v).
-9
Let f(w) = w**3 - 8*w**2 + 5*w + 9. Let z(y) = -y**2 + 8*y